 - (8 + -5)?
1
Suppose a - 20 = -0*k + 5*k, -5*k + 5*a = 20. Let m(h) = h + 4. Let x be m(k). Suppose x = 2*c - 2*d - 44, 6*c - 36 = 3*c - 3*d. What is the tens digit of c?
1
Let n = 39 + -28. Let p(m) = 2*m**2 + 12*m - 17. What is the units digit of p(n)?
7
Let i(m) = -2400*m - 359. What is the ten thousands digit of i(-10)?
2
Suppose 12*t = 16*t - 3412. What is the hundreds digit of t?
8
Let y be -1*1*(10 - -2). Let i(q) be the first derivative of -q**4/4 - 11*q**3/3 + 9*q**2/2 - 10*q - 8. What is the tens digit of i(y)?
2
Let i(n) = -22*n + 177 - 22*n + 63*n - 6*n. What is the tens digit of i(25)?
0
Let r(i) be the third derivative of -i**5/60 - i**4/3 + i**3/3 - 5*i**2. Let x be r(-8). Suppose 5*s - l - 38 = 4*s, -l + 85 = x*s. What is the tens digit of s?
4
Suppose -h - 135 = 311. What is the units digit of 19*h/(-10) - (-12)/20?
8
Let z = 59 - 26. Suppose -z*y + 38*y = 2895. What is the units digit of y?
9
Let q(f) = 42*f - 2. Let z be q(-2). Suppose 5*k - 9 = -24. What is the tens digit of z/(((-2)/(-6))/(k/6))?
2
Let p(k) = -k**2 + 31*k - 13. Let w be p(15). Suppose 3*q - 16 = w. What is the tens digit of q?
8
Let z = -15 + 62. Let t be -3 - (5 - 1) - -45. Let y = z + t. What is the units digit of y?
5
Let b(z) = -2*z**3 + 6*z**2 - 4. Let f be b(4). What is the units digit of (1*(12 - 5))/((-2)/f)?
6
Let a = 9 - 12. Let g be -1*4/6*a. What is the tens digit of g*(-46)/(-8)*(10 + -4)?
6
Let l(p) = 83*p - 331. What is the units digit of l(5)?
4
Let h be 238/(-22) - ((-16)/22)/(-4). Let p = -11 - h. What is the tens digit of 2/(p + 6)*114 + -2?
3
Suppose -5*v = -5*a - 99810, -39934 = -22*v + 20*v + 4*a. What is the tens digit of v?
5
Suppose -2*w = -4*w - 5*m - 77, 0 = -4*w - 3*m - 161. Let q = -23 - w. Let l = -7 + q. What is the tens digit of l?
1
Let b = -52368 + 89330. What is the units digit of b?
2
Suppose -8*m + 60 = 4*m. Suppose 8*o = 3*o - 3*s + 105, -3*o + m*s = -63. Suppose -208 = 17*a - o*a. What is the units digit of a?
2
Suppose 2*g - 5*g = 855. Let c = 321 + g. What is the units digit of c?
6
Let z = 14 - 4. Suppose 4*w - 2016 = 1312. Suppose -z*k + 2012 = w. What is the tens digit of k?
1
Let a(u) = -38*u - 263. Let y be a(18). Let p = y - -1330. What is the units digit of p?
3
Suppose -4*k + 55 - 7 = 0. Let a be ((-16)/k + 1)*-15. Suppose -y = -a*y + 116. What is the units digit of y?
9
Let b(s) = -s**2 + 20*s - 53. Suppose 0 = -5*d, 5*y + 3*d - 44 = 41. Let k be b(y). What is the hundreds digit of (-3 + 2)/((-2)/k) - -208?
2
Let f be (-4)/4 - (18/(-3) - 608). Suppose h = -2*g + f + 6, 5*g + 2437 = 4*h. What is the tens digit of h?
1
Let h(d) = -243*d + 124. Let q be h(-6). Suppose 4*a - 286 - q = 0. What is the units digit of a?
7
Suppose -2*s + 3*j + 25 = 0, -4*s + 30 = -2*s - 4*j. Let v be 4 - (7 - 2)/s. Suppose 0 = v*r - 2*i - 132, 0*r - i - 132 = -3*r. What is the units digit of r?
4
Let d(c) = -31*c**3 + 3*c**2 - 4*c - 5. Let s be d(-1). Let q = 1425 + s. What is the hundreds digit of q?
4
Suppose 0 = 92*c - 103*c + 6017. Suppose -n - 4*z - c = -4*n, 2*z + 2 = 0. What is the units digit of n?
1
What is the thousands digit of ((-95020)/(-11) - -2) + (-11)/((-121)/(-2))?
8
Let h(d) = -24*d + 74. Let j be h(3). Suppose 2*o + 3*n - 1593 - 304 = 0, -3*o + 2852 = -j*n. What is the tens digit of o?
5
Suppose 2*w + j + 14756 = 92245, -3*j + 116241 = 3*w. What is the thousands digit of w?
8
What is the tens digit of (60/(-110)*-11)/((-4)/(-862))?
9
Let f = 1704 + 1811. Let t = -2335 + f. What is the hundreds digit of t?
1
Let m be (32/12 - 3)/((-1)/33). Suppose 14 = -4*y + m*y. Suppose y*k = 5*f - 130 - 34, 2*k = -4. What is the units digit of f?
2
Suppose 0 = -7*a - 6*a + 2314. Suppose 0 = -4*h + s + 176 - 28, -5*h + a = -3*s. What is the tens digit of h?
3
Let w = -2687 - -14289. What is the ten thousands digit of w?
1
Let z(i) = 22*i + 96. Let a be z(10). What is the hundreds digit of (a - 59)*(4 - -1 - -2)?
7
Let v(z) = -2*z**2 - 3*z + 2. Let n be v(-4). Let l(h) = -21*h - 177. Let t be l(-10). Let b = n + t. What is the tens digit of b?
1
What is the hundreds digit of 36/24*-4 - (-11025 - 2)?
0
Suppose -15*c + 14*c - 2*t = 0, -5*t - 4 = 2*c. Let i(n) = 2*n**3 - 9*n**2 + 39*n + 19. What is the hundreds digit of i(c)?
7
Let d = 20918 + -14704. What is the hundreds digit of d?
2
Let s = 19472 - 7451. What is the units digit of s?
1
Suppose -4*z + 36 = 4*w, -3*z + 5*z + 3*w - 23 = 0. What is the hundreds digit of z/18 + -2 + 6560/45?
1
Suppose w - 2*r = 9692 - 2985, -26828 = -4*w - 4*r. What is the units digit of w?
7
Suppose -63603 = -7*g + 6*g + 17828. What is the hundreds digit of g?
4
Suppose 5*t - 35 = 0, -5*y - 4*t = -120594 + 42251. What is the units digit of y?
3
Let t be (2*6/(-3))/((-2)/4). Let k(n) = 3*n**2 + 11*n - 44. What is the units digit of k(t)?
6
Suppose 15 = -6*f + 5*f. Let q(j) = j**3 + 19*j**2 + 4*j + 15. What is the hundreds digit of q(f)?
8
Let o be (1026/(-135))/((-2)/80). Suppose r + 5 - o = 0. What is the tens digit of r?
9
Suppose 2*h = -5*a + 23236, 17*h + 58144 = 22*h - a. What is the ten thousands digit of h?
1
Let q(v) = -450*v + 956. What is the thousands digit of q(-43)?
0
Let p = 10169 - -66962. What is the ten thousands digit of p?
7
Let z(t) = 24*t + 8. Suppose -20 = -a - 4*a. Let g be (-1)/(a/18 - (-76)/(-180)). What is the tens digit of z(g)?
2
Suppose 40*r + 22 = 222. Suppose 0 = 4*n + r*t - 188, -3*n = 5*t - 9*t - 141. What is the tens digit of n?
4
Suppose 18*i - 780 = 22*i. What is the units digit of -15*(1/3)/1 - i?
0
Let o be ((-52)/39)/((-2)/123 + 0). Let t = 202 - o. Suppose 8*w = 4*w + t. What is the tens digit of w?
3
Let h = -151 - -204. What is the units digit of 14*h - (-12 - -12)?
2
Let d(y) = y**2 - 39*y + 27. Let p be d(-27). Let h = p - 772. What is the thousands digit of h?
1
Let h be 22/(6/84*-2). Let z = h + 336. What is the tens digit of z?
8
Let q be (0 + 0)/(-5 + (-7 - -10)). What is the hundreds digit of 1*(q + -9) + 1266?
2
Let h = 22765 - 1873. What is the hundreds digit of h?
8
Let w = -660 - -2421. Let h = w + -865. What is the units digit of h?
6
Suppose d - 4*n = -n + 2640, 2*n - 2620 = -d. Let c be (d/(-24))/((-6)/4). Let h = c - 12. What is the units digit of h?
1
Let p(h) = -h**3 - 42*h**2 - 78*h + 81. Let o be p(-40). What is the units digit of 3 + o - (3 - (-554)/(-2))?
8
Let r(w) = 167*w + 18. Let y(v) = 2*v + 3. Let j(i) = r(i) + 6*y(i). What is the thousands digit of j(7)?
1
Let t be 7/(-7) - 1 - -4. What is the units digit of (4/4 - 0)/(t/288)?
4
Let t(l) = 204*l**2 + 27*l + 192. What is the units digit of t(-8)?
2
Suppose -12*w + 270 = -17*w. Let c be ((-190)/(-15))/(4/w). Let k = 294 + c. What is the tens digit of k?
2
Suppose -6*f = -791 - 2341. Let l = f - 354. What is the hundreds digit of l?
1
Suppose 0 = -188*i + 171*i + 931719. What is the hundreds digit of i?
8
Let r = 111 + -64. Let s = 49 - r. Suppose -5*z + s*z + 48 = 0. What is the tens digit of z?
1
Suppose 0 = 2*r + 3*j - 7194, -2*r + 3*j + 7180 = -j. Suppose -30*n + 24*n + r = 0. What is the tens digit of n?
9
Suppose -21*v = -675078 + 213141. What is the hundreds digit of v?
9
Let f be ((-6)/(-15))/(20/150). Suppose -6*p + 12 = -3*p, -f*o + 2*p + 1609 = 0. What is the tens digit of o?
3
Suppose 0 = 15*q - 6*q. Suppose -2*g - 2 + 4 = q, -444 = -3*p + 3*g. What is the tens digit of p?
4
Let g = -164 - 649. Let j = g + 1551. What is the tens digit of j?
3
Let u = 183 - -6939. What is the thousands digit of u?
7
Suppose -672 = -0*y + 3*y + 3*r, 4*y + 906 = r. Let s = -134 - y. What is the units digit of s?
2
Suppose 36*t - 7*t + 3741 = 0. Suppose -804 = -6*x + 732. Let c = t + x. What is the hundreds digit of c?
1
Suppose 0 = 2*k + y - 2, -4*k + 8*y = 7*y + 2. Suppose k = -6*f + 2350 + 986. What is the tens digit of f?
5
Let r be 2/(-8) - 1826/(-8). Let h = 233 - 109. Let n = r - h. What is the tens digit of n?
0
Let a = 40604 + -24287. What is the thousands digit of a?
6
Suppose -4*r + 25 = -27. What is the thousands digit of (-8031)/(-7) - (r - (-979)/(-77))?
1
Suppose -4*x - 2*i + 6 = 0, 4*x - 7*i = -8*i + 7. Suppose -2*c + 837 = -5*r, -5*c - 2*r = x*r - 2142. What is the tens digit of c?
2
Let p = 7824 - 3583. What is the units digit of p?
1
Let y be (-2 - (-4 + 1))/(-1). Let